{"id":3778,"date":"2019-03-18T17:13:20","date_gmt":"2019-03-18T17:13:20","guid":{"rendered":"https:\/\/bolsasysilos.com\/2019\/?page_id=3778"},"modified":"2019-03-22T15:39:08","modified_gmt":"2019-03-22T15:39:08","slug":"nosotros","status":"publish","type":"page","link":"https:\/\/bolsasysilos.com\/2019\/nosotros\/","title":{"rendered":"Nosotros"},"content":{"rendered":"<p>Somos una empresa encargada de suministrar Bolsas para Silo con capacidad para 40 \u2013 50 \u2013 60 y 70 Kilos,\u00a0 proveemos Pl\u00e1stico para Silos Est\u00e1ticos con capacidad para 20 \u2013 30 \u2013 40 y 50 Toneladas, Pl\u00e1sticos para Invernaderos y Embalses\u00a0 y todo lo relacionado con la Construcci\u00f3n.<\/p>\n<p>Bolsas para desechos hospitalarios e institucionales en todos los tama\u00f1os y colores<\/p>\n<h3 style=\"text-align: center;\"><strong>Burbuja, Zuncho, Grapa, Strechst, Cart\u00f3n, Cinta<\/strong><\/h3>\n<div id=\"attachment_3781\" style=\"width: 1062px\" class=\"wp-caption aligncenter\"><img loading=\"lazy\" decoding=\"async\" aria-describedby=\"caption-attachment-3781\" class=\"wp-image-3781 size-full\" src=\"https:\/\/bolsasysilos.com\/2019\/wp-content\/uploads\/2019\/03\/adf9cfd5-fbaa-4ffd-8398-8fb56567b971.jpg\" alt=\"Bolsas y Silos de Colombia\" width=\"1052\" height=\"592\" srcset=\"https:\/\/bolsasysilos.com\/2019\/wp-content\/uploads\/2019\/03\/adf9cfd5-fbaa-4ffd-8398-8fb56567b971.jpg 1052w, https:\/\/bolsasysilos.com\/2019\/wp-content\/uploads\/2019\/03\/adf9cfd5-fbaa-4ffd-8398-8fb56567b971-300x169.jpg 300w, https:\/\/bolsasysilos.com\/2019\/wp-content\/uploads\/2019\/03\/adf9cfd5-fbaa-4ffd-8398-8fb56567b971-768x432.jpg 768w, https:\/\/bolsasysilos.com\/2019\/wp-content\/uploads\/2019\/03\/adf9cfd5-fbaa-4ffd-8398-8fb56567b971-1024x576.jpg 1024w\" sizes=\"auto, (max-width: 1052px) 100vw, 1052px\" \/><p id=\"caption-attachment-3781\" class=\"wp-caption-text\">Bolsas y Silos de Colombia<\/p><\/div>\n","protected":false},"excerpt":{"rendered":"<p>Somos una empresa encargada de suministrar Bolsas para Silo con capacidad para 40 \u2013 50 \u2013 60 y 70 Kilos,\u00a0 proveemos Pl\u00e1stico para Silos Est\u00e1ticos con capacidad para 20 \u2013 30 \u2013 40 y 50 Toneladas, Pl\u00e1sticos para Invernaderos y Embalses\u00a0 y todo lo relacionado con la Construcci\u00f3n. Bolsas para desechos hospitalarios e institucionales en todos los tama\u00f1os y colores Burbuja, Zuncho, Grapa, Strechst, Cart\u00f3n, Cinta<\/p>\n","protected":false},"author":1,"featured_media":0,"parent":0,"menu_order":0,"comment_status":"closed","ping_status":"closed","template":"","meta":{"footnotes":""},"class_list":["post-3778","page","type-page","status-publish","hentry"],"_links":{"self":[{"href":"https:\/\/bolsasysilos.com\/2019\/wp-json\/wp\/v2\/pages\/3778","targetHints":{"allow":["GET"]}}],"collection":[{"href":"https:\/\/bolsasysilos.com\/2019\/wp-json\/wp\/v2\/pages"}],"about":[{"href":"https:\/\/bolsasysilos.com\/2019\/wp-json\/wp\/v2\/types\/page"}],"author":[{"embeddable":true,"href":"https:\/\/bolsasysilos.com\/2019\/wp-json\/wp\/v2\/users\/1"}],"replies":[{"embeddable":true,"href":"https:\/\/bolsasysilos.com\/2019\/wp-json\/wp\/v2\/comments?post=3778"}],"version-history":[{"count":6,"href":"https:\/\/bolsasysilos.com\/2019\/wp-json\/wp\/v2\/pages\/3778\/revisions"}],"predecessor-version":[{"id":3783,"href":"https:\/\/bolsasysilos.com\/2019\/wp-json\/wp\/v2\/pages\/3778\/revisions\/3783"}],"wp:attachment":[{"href":"https:\/\/bolsasysilos.com\/2019\/wp-json\/wp\/v2\/media?parent=3778"}],"curies":[{"name":"wp","href":"https:\/\/api.w.org\/{rel}","templated":true}]}}